{"id":11566,"date":"2020-02-09T08:49:26","date_gmt":"2020-02-09T08:49:26","guid":{"rendered":"http:\/\/shop.la-kitchenette.de\/?page_id=11566"},"modified":"2020-02-20T12:45:16","modified_gmt":"2020-02-20T12:45:16","slug":"datenschutzerklaerung","status":"publish","type":"page","link":"https:\/\/shop.la-kitchenette.de\/?page_id=11566","title":{"rendered":"Datenschutzerkl\u00e4rung"},"content":{"rendered":"<p><strong>Datenschutz<\/strong>\/<strong>Datenschutzerkl\u00e4rung gem\u00e4\u00df DSGVO<\/strong><br \/>\nMit dieser Datenschutzerkl\u00e4rung m\u00f6chte ich Sie \u00fcber den Umgang mit Ihren  personenbezogenen Daten informieren. Sie gilt f\u00fcr die Erhebung,  Verarbeitung und Nutzung von personenbezogenen Daten im Rahmen der  Nutzung der Webseite der www.la-kitchenette.de, einschlie\u00dflich Subdomains.<br \/>\nS\u00e4mtliche personenbezogenen Datenverarbeitungsvorg\u00e4nge (Erhebung,  Verarbeitung und Nutzung) durch la-kitchenette.de erfolgen vertraulich unter strikter Beachtung der gesetzlichen  Datenschutzvorschriften sowie dieser Datenschutzerkl\u00e4rung.<\/p>\n<p><strong>Erhebung von Daten<\/strong><br \/>\nPersonenbezogene Daten \u00fcber die Inanspruchnahme meiner Internetseite erhebe ich nicht.<br \/>\nSofern eine betroffene Person besondere Services meines Unternehmens \u00fcber meine Internetseite in Anspruch nehmen m\u00f6chte, k\u00f6nnte jedoch eine  Verarbeitung personenbezogener Daten erforderlich werden. Ist die  Verarbeitung personenbezogener Daten erforderlich und besteht f\u00fcr eine  solche Verarbeitung keine gesetzliche Grundlage, hole ich generell die  Einwilligung der betroffenen Person ein. Die Verarbeitung personenbezogener Daten, beispielsweise des Namens, der  Anschrift, E-Mail-Adresse oder Telefonnummer einer betroffenen Person,  erfolgt im Einklang mit den Erfordernissen der Datenschutz-Grundverordnung und in \u00dcbereinstimmung mit den geltenden landesspezifischen Datenschutzbestimmungen.<\/p>\n<p><strong>Datenverarbeitung auf dieser Internetseite &#8211; Hosting<\/strong><br \/>\nDie von mir in Anspruch genommenen Hosting-Leistungen dienen der  Zurverf\u00fcgungstellung der folgenden Leistungen: Infrastruktur- und  Plattformdienstleistungen, Rechenkapazit\u00e4t, Speicherplatz sowie  technische Wartungsleistungen, die ich zum Zwecke des Betriebs meiner  Onlineangebote einsetze.<br \/>\nHierbei verarbeiten ich, bzw. mein Hostinganbieter Nutzungsdaten von  Besuchern meiner Webseiten auf Grundlage meiner berechtigten Interessen  an einer effizienten und sicheren Zurverf\u00fcgungstellung dieser  Onlineangebote gem. Art. 6 Abs. 1 lit. f DSGVO i.V.m. Art. 28 DSGVO   (Abschluss Auftragsverarbeitungsvertrag).<\/p>\n<p><strong>Erhebung von Zugriffsdaten und Logfiles<\/strong><br \/>\nIch, bzw. mein Hostinganbieter, erhebt auf Grundlage meiner berechtigten  Interessen im Sinne des Art. 6 Abs. 1 lit. f. DSGVO Daten \u00fcber jeden  Zugriff auf den Server, auf dem sich dieser Dienst befindet (sogenannte  Serverlogfiles).<br \/>\nEs werden automatisch Informationen erhoben und in Logfiles gespeichert,  die Ihr Browser automatisch an den Server \u00fcbermittelt. Dies sind  Browsertyp\/ Browserversion, verwendetes Betriebssystem, IP-Adresse und  Referrer-URL und Datum und Uhrzeit der Serveranfrage, sowie der Name der  abgerufenen Webseite. Diese Daten sind nicht bestimmten Personen zuordnenbar. Eine  Zusammenf\u00fchrung dieser Daten mit anderen Datenquellen wird nicht  vorgenommen. Logfile-Informationen werden aus Sicherheitsgr\u00fcnden (z.B. zur Aufkl\u00e4rung  von Missbrauchs- oder Betrugshandlungen) f\u00fcr die Dauer von maximal 7  Tagen gespeichert und danach gel\u00f6scht. Daten, deren weitere Aufbewahrung  zu Beweiszwecken erforderlich ist, sind bis zur endg\u00fcltigen Kl\u00e4rung des  jeweiligen Vorfalls von der L\u00f6schung ausgenommen.<\/p>\n<p><strong>Personenbezogene Daten und deren Verwendung<\/strong><br \/>\nIn folgenden F\u00e4llen erhalte ich personenbezogene Daten:<br \/>\n1. bei der Kontaktaufnahme mit mir per E-Mail<br \/>\n<strong>Kontaktaufnahme<\/strong><br \/>\nBei der Kontaktaufnahme mit mir per E-Mail oder Telefon werden die  Angaben des Nutzers zur Bearbeitung der Kontaktanfrage und deren  Abwicklung gem. Art. 6 Abs. 1 lit. b) DSGVO verarbeitet.<br \/>\nIch l\u00f6schen die Anfragen, sofern diese nicht mehr erforderlich sind. Ich  \u00fcberpr\u00fcfe die Erforderlichkeit alle zwei Jahre. Ferner gelten die  gesetzlichen Archivierungspflichten.<\/p>\n<p>2. bei Vertragsabschluss<br \/>\n<strong>Vertragsabwicklung<\/strong><br \/>\nDie von Ihnen zur Inanspruchnahme unseres Waren- und\/oder<br \/>\nDienstleistungsangebots \u00fcbermittelten Daten werden von uns zum Zwecke<br \/>\nder Vertragsabwicklung verarbeitet und sind insoweit erforderlich.<br \/>\nVertragsschluss und Vertragsabwicklung sind ohne Bereitstellung Ihrer<br \/>\nDaten nicht m\u00f6glich.<\/p>\n<p>Rechtsgrundlage f\u00fcr die Verarbeitung ist Art. 6 Abs. 1 lit. b) DSGVO.<\/p>\n<p>Wir l\u00f6schen die Daten mit vollst\u00e4ndiger Vertragsabwicklung, m\u00fcssen<br \/>\ndabei aber die steuer- und handelsrechtlichen Aufbewahrungsfristen<br \/>\nbeachten.<\/p>\n<p>Im Rahmen der Vertragsabwicklung geben wir Ihre Daten an das mit der<br \/>\nWarenlieferung beauftragte Transportunternehmen oder an den<br \/>\nFinanzdienstleister weiter, soweit die Weitergabe zur Warenauslieferung<br \/>\noder zu Bezahlzwecken erforderlich ist.<br \/>\nRechtsgrundlage f\u00fcr die Weitergabe der Daten ist dann Art. 6 Abs. 1 lit. b) DSGVO.<br \/>\n3. Registrierung als K\u00e4ufer\/in<br \/>\n<strong>Kundenkonto\/Registrierungsfunktion<\/strong><br \/>\nFalls Sie \u00fcber unseren Internetauftritt ein Kundenkonto bei uns<br \/>\nanlegen, werden wir die von Ihnen bei der Registrierung eingegebenen<br \/>\nDaten (also bspw. Ihren Namen, Ihre Anschrift oder Ihre E-Mail-Adresse) ausschlie\u00dflich f\u00fcr vorvertragliche Leistungen, f\u00fcr die Vertragserf\u00fcllung oder zum Zwecke der Kundenpflege (bspw. um Ihnen eine \u00dcbersicht \u00fcber Ihre bisherigen Bestellungen bei uns zur Verf\u00fcgung zu stellen oder um Ihnen die sog. Merkzettelfunktion anbieten zu k\u00f6nnen) erheben und speichern. Gleichzeitig speichern wir dann die IP-Adresse und das Datum Ihrer Registrierung nebst Uhrzeit. Eine Weitergabe dieser Daten an Dritte erfolgt nicht.<br \/>\nIm Rahmen des weiteren Anmeldevorgangs wird Ihre Einwilligung in<br \/>\ndiese Verarbeitung eingeholt und auf diese Datenschutzerkl\u00e4rung<br \/>\nverwiesen. Die dabei von uns erhobenen Daten werden ausschlie\u00dflich f\u00fcr die Zurverf\u00fcgungstellung des Kundenkontos verwendet.<br \/>\nSoweit Sie in diese Verarbeitung einwilligen, ist Art. 6 Abs. 1 lit. a) DSGVO Rechtsgrundlage f\u00fcr die Verarbeitung.<br \/>\nSofern die Er\u00f6ffnung des Kundenkontos zus\u00e4tzlich auch<br \/>\nvorvertraglichen Ma\u00dfnahmen oder der Vertragserf\u00fcllung dient, so ist<br \/>\nRechtsgrundlage f\u00fcr diese Verarbeitung auch noch Art. 6 Abs. 1 lit. b) DSGVO.<br \/>\nDie uns erteilte Einwilligung in die Er\u00f6ffnung und den Unterhalt des<br \/>\nKundenkontos k\u00f6nnen Sie gem\u00e4\u00df Art. 7 Abs. 3 DSGVO jederzeit mit Wirkung<br \/>\nf\u00fcr die Zukunft widerrufen. Hierzu m\u00fcssen Sie uns lediglich \u00fcber Ihren<br \/>\nWiderruf in Kenntnis setzen.<br \/>\nDie insoweit erhobenen Daten werden gel\u00f6scht, sobald die Verarbeitung<br \/>\nnicht mehr erforderlich ist. Hierbei m\u00fcssen wir aber steuer- und<br \/>\nhandelsrechtliche Aufbewahrungsfristen beachten.<br \/>\n<strong>Widerspruchsrecht und Auskunftsrecht sowie Berichtigung, L\u00f6schung und Sperrung<\/strong><br \/>\nNach dem Bundesdatenschutzgesetz haben Sie jederzeit das Recht auf  unentgeltliche Auskunft \u00fcber Ihre bei mir gespeicherten  personenbezogenen Daten, deren Herkunft und Empf\u00e4nger und den Zweck der  Datenverarbeitung sowie ein Recht auf Berichtigung, Sperrung oder  L\u00f6schung dieser Daten. Ausgenommen hiervon bleiben Daten, deren  Berichtigung, Sperrung oder L\u00f6schung gesetzliche, satzungsm\u00e4\u00dfige oder  vertragliche Aufbewahrungsfristen entgegenstehen. Wenn Sie Fragen hierzu haben, die Ihnen diese Datenschutzerkl\u00e4rung nicht  beantworten konnte, k\u00f6nnen Sie sich jederzeit \u00fcber die im Impressum  angegebenen Kontaktdaten an mich wenden.<\/p>\n<p><strong>Haftungsausschluss f\u00fcr Inhalte<\/strong><br \/>\nDie Inhalte unserer Seiten wurden mit gr\u00f6\u00dfter Sorgfalt erstellt.<br \/>\nF\u00fcr die Richtigkeit, Vollst\u00e4ndigkeit und Aktualit\u00e4t der Inhalte k\u00f6nnen wir  jedoch keine Gew\u00e4hr \u00fcbernehmen. Als Anbieter sind wir gem\u00e4\u00df \u00a7 7 Abs.1 TMG f\u00fcr eigene Inhalte auf diesen  Seiten nach den allgemeinen Gesetzen verantwortlich. Nach \u00a7\u00a7 8 bis 10 TMG sind wir als Anbieter jedoch nicht verpflichtet, \u00fcbermittelte oder  gespeicherte fremde Informationen zu \u00fcberwachen oder nach Umst\u00e4nden zu  forschen, die auf eine rechtswidrige T\u00e4tigkeit hinweisen.  Verpflichtungen zur Entfernung oder Sperrung der Nutzung von Informationen nach den allgemeinen Gesetzen bleiben hiervon unber\u00fchrt.  Eine diesbez\u00fcgliche Haftung ist jedoch erst ab dem Zeitpunkt der  Kenntnis einer konkreten Rechtsverletzung m\u00f6glich. Bei bekannt werden  von entsprechenden Rechtsverletzungen werden solche Inhalte von uns umgehend entfernt.<\/p>\n<p><strong>Externe Links<\/strong><br \/>\nDiese Website enth\u00e4lt Verkn\u00fcpfungen zu Websites Dritter (&#8222;externe  Links&#8220;). Diese Websites unterliegen der Haftung und dem Datenschutz der  jeweiligen Betreiber. Der Anbieter hat bei der erstmaligen Verkn\u00fcpfung  der externen Links die fremden Inhalte daraufhin \u00fcberpr\u00fcft, ob etwaige  Rechtsverst\u00f6\u00dfe bestehen. Zu dem Zeitpunkt waren keine Rechtsverst\u00f6\u00dfe  ersichtlich. Der Anbieter hat keinerlei Einfluss auf die aktuelle und  zuk\u00fcnftige Gestaltung und auf die Inhalte der verkn\u00fcpften Seiten. Das  Setzen von externen Links bedeutet nicht, dass sich der Anbieter die  hinter dem Verweis oder Link liegenden Inhalte zu Eigen macht. Eine  st\u00e4ndige Kontrolle der externen Links ist f\u00fcr den Anbieter ohne konkrete  Hinweise auf Rechtsverst\u00f6\u00dfe nicht zumutbar. Bei Kenntnis von  Rechtsverst\u00f6\u00dfen werden jedoch derartige externe Links unverz\u00fcglich  gel\u00f6scht.<\/p>\n<p><!-- \/wp:paragraph --><\/p>\n","protected":false},"excerpt":{"rendered":"<p>Datenschutz\/Datenschutzerkl\u00e4rung gem\u00e4\u00df DSGVO Mit dieser Datenschutzerkl\u00e4rung m\u00f6chte ich Sie \u00fcber den Umgang mit Ihren personenbezogenen Daten informieren. Sie gilt f\u00fcr [&hellip;]<\/p>\n","protected":false},"author":1,"featured_media":0,"parent":0,"menu_order":0,"comment_status":"closed","ping_status":"closed","template":"","meta":{"footnotes":""},"_links":{"self":[{"href":"https:\/\/shop.la-kitchenette.de\/index.php?rest_route=\/wp\/v2\/pages\/11566"}],"collection":[{"href":"https:\/\/shop.la-kitchenette.de\/index.php?rest_route=\/wp\/v2\/pages"}],"about":[{"href":"https:\/\/shop.la-kitchenette.de\/index.php?rest_route=\/wp\/v2\/types\/page"}],"author":[{"embeddable":true,"href":"https:\/\/shop.la-kitchenette.de\/index.php?rest_route=\/wp\/v2\/users\/1"}],"replies":[{"embeddable":true,"href":"https:\/\/shop.la-kitchenette.de\/index.php?rest_route=%2Fwp%2Fv2%2Fcomments&post=11566"}],"version-history":[{"count":7,"href":"https:\/\/shop.la-kitchenette.de\/index.php?rest_route=\/wp\/v2\/pages\/11566\/revisions"}],"predecessor-version":[{"id":11931,"href":"https:\/\/shop.la-kitchenette.de\/index.php?rest_route=\/wp\/v2\/pages\/11566\/revisions\/11931"}],"wp:attachment":[{"href":"https:\/\/shop.la-kitchenette.de\/index.php?rest_route=%2Fwp%2Fv2%2Fmedia&parent=11566"}],"curies":[{"name":"wp","href":"https:\/\/api.w.org\/{rel}","templated":true}]}}